s the remainder when 478975 is divided by 691?
112
Calculate the remainder when 56435 is divided by 56424.
11
What is the remainder when 232438 is divided by 1130?
788
What is the remainder when 414466 is divided by 901?
6
Calculate the remainder when 3730246 is divided by 746047.
11
Calculate the remainder when 8695880 is divided by 31393.
19
What is the remainder when 10961 is divided by 3631?
68
Calculate the remainder when 7431382 is divided by 9975.
7
What is the remainder when 9475912 is divided by 664?
632
Calculate the remainder when 15583674 is divided by 1534.
1302
What is the remainder when 21562737 is divided by 208?
1
Calculate the remainder when 112901 is divided by 112720.
181
What is the remainder when 4889797 is divided by 115?
112
What is the remainder when 19600 is divided by 2444?
48
What is the remainder when 443331 is divided by 609?
588
Calculate the remainder when 3112325 is divided by 1325.
1225
What is the remainder when 114137 is divided by 3443?
518
Calculate the remainder when 169148197 is divided by 56382730.
7
What is the remainder when 561877 is divided by 3422?
669
What is the remainder when 5379434 is divided by 4842?
4814
Calculate the remainder when 56584670 is divided by 11.
10
What is the remainder when 435005150 is divided by 37?
35
What is the remainder when 361086 is divided by 574?
40
Calculate the remainder when 60492179 is divided by 1973.
1972
Calculate the remainder when 1525624 is divided by 65.
9
What is the remainder when 252502 is divided by 1202?
82
What is the remainder when 947656 is divided by 370?
86
What is the remainder when 2925845 is divided by 975278?
11
What is the remainder when 1606359 is divided by 460?
39
Calculate the remainder when 1028854 is divided by 2276.
102
Calculate the remainder when 7715937 is divided by 333.
327
Calculate the remainder when 5713 is divided by 1055.
438
What is the remainder when 2698840 is divided by 899330?
850
What is the remainder when 183131912 is divided by 80?
72
What is the remainder when 351223 is divided by 15948?
367
What is the remainder when 595437 is divided by 3627?
609
Calculate the remainder when 1220776 is divided by 244146.
46
What is the remainder when 88873005 is divided by 119?
116
What is the remainder when 480708 is divided by 48058?
128
What is the remainder when 30515 is divided by 5829?
1370
What is the remainder when 858789 is divided by 171713?
224
Calculate the remainder when 1333429 is divided by 666708.
13
What is the remainder when 2810229 is divided by 81?
15
What is the remainder when 9541375 is divided by 8018?
7973
What is the remainder when 1918438 is divided by 263?
116
Calculate the remainder when 6119591 is divided by 471.
359
Calculate the remainder when 50152 is divided by 3422.
2244
Calculate the remainder when 1070022 is divided by 181.
131
What is the remainder when 1974977 is divided by 325?
277
Calculate the remainder when 1022280643 is divided by 28.
27
Calculate the remainder when 15629152 is divided by 3125828.
12
What is the remainder when 970545 is divided by 766?
23
What is the remainder when 2108518511 is divided by 10018?
10015
What is the remainder when 28287 is divided by 2560?
127
What is the remainder when 51450030 is divided by 35?
30
Calculate the remainder when 297535 is divided by 1303.
451
Calculate the remainder when 142008018 is divided by 1826.
1824
What is the remainder when 4586 is divided by 3373?
1213
What is the remainder when 5114578 is divided by 81?
76
Calculate the remainder when 16021695 is divided by 25231.
10
What is the remainder when 11902 is divided by 5998?
5904
What is the remainder when 1279216 is divided by 246?
16
Calculate the remainder when 188807 is divided by 1568.
647
What is the remainder when 208354 is divided by 68716?
2206
What is the remainder when 1881383214 is divided by 17?
14
What is the remainder when 4070342 is divided by 214228?
10
What is the remainder when 30464 is divided by 1486?
744
Calculate the remainder when 58734194 is divided by 381.
377
Calculate the remainder when 9650590 is divided by 149.
9
Calculate the remainder when 396768 is divided by 16528.
96
What is the remainder when 3990133 is divided by 278?
277
What is the remainder when 14334534 is divided by 2096?
2086
Calculate the remainder when 151965290 is divided by 3199.
3193
What is the remainder when 496686 is divided by 1656?
1542
What is the remainder when 65342988 is divided by 539?
18
What is the remainder when 421682408 is divided by 3291?
3287
Calculate the remainder when 689096652 is divided by 4693.
4690
Calculate the remainder when 486063 is divided by 4766.
4697
Calculate the remainder when 12552 is divided by 590.
162
What is the remainder when 2832355 is divided by 109?
99
What is the remainder when 5145020 is divided by 8?
4
Calculate the remainder when 124930 is divided by 5140.
1570
What is the remainder when 1849763 is divided by 1395?
1388
What is the remainder when 11543592 is divided by 3604?
3584
What is the remainder when 773903 is divided by 411?
401
Calculate the remainder when 12312532 is divided by 43.
41
Calculate the remainder when 216202 is divided by 564.
190
What is the remainder when 238907 is divided by 34?
23
Calculate the remainder when 37377903 is divided by 93.
87
Calculate the remainder when 118653777 is divided by 161.
158
What is the remainder when 59014379 is divided by 319?
17
Calculate the remainder when 24681776 is divided by 15.
11
What is the remainder when 120991198 is divided by 3300?
3298
What is the remainder when 86965 is divided by 5497?
4510
Calculate the remainder when 47469 is divided by 352.
301
What is the remainder when 20109233 is divided by 208?
1
Calculate the remainder when 235252127 is divided by 292.
283
Calculate the remainder when 144791 is divided by 156.
23
What is the remainder when 8545065 is divided by 8545059?
6
What is the remainder when 3737635 is divided by 46?
43
What is the remainder when 1081534 is divided by 72085?
259
Calculate the remainder when 7157059 is divided by 113604.
7
What is the remainder when 44616 is divided by 4413?
486
Calculate the remainder when 1972520 is divided by 36528.
8
Calculate the remainder when 24886412 is divided by 16.
12
What is the remainder when 791196 is divided by 2151?
1779
What is the remainder when 32095534 is divided by 18?
4
What is the remainder when 32757140 is divided by 537002?
18
What is the remainder when 10479976 is divided by 70?
66
Calculate the remainder when 495599 is divided by 2430.
2309
Calculate the remainder when 4569208 is divided by 403.
397
What is the remainder when 12457 is divided by 9876?
2581
What is the remainder when 177515 is divided by 43550?
3315
Calculate the remainder when 614784 is divided by 240.
144
What is the remainder when 54038 is divided by 14543?
10409
What is the remainder when 193874 is divided by 70?
44
What is the remainder when 2576918 is divided by 10782?
20
Calculate the remainder when 6107754 is divided by 328.
66
What is the remainder when 27961563 is divided by 1581?
1578
Calculate the remainder when 2342484 is divided by 626.
618
Calculate the remainder when 3101310 is divided by 251.
205
What is the remainder when 407535 is divided by 12735?
15
Calculate the remainder when 139942 is divided by 40.
22
Calculate the remainder when 123828598 is divided by 21.
19
Calculate the remainder when 1048644 is divided by 209719.
49
What is the remainder when 236702538 is divided by 59175634?
2
What is the remainder when 149929 is divided by 5014?
4523
Calculate the remainder when 43523780 is divided by 79.
73
What is the remainder when 11458 is divided by 1621?
111
What is the remainder when 329014 is divided by 36552?
46
Calculate the remainder when 5684898 is divided by 2669.
2597
Calculate the remainder when 457932 is divided by 59.
33
Calculate the remainder when 113000845 is divided by 10272802.
23
Calculate the remainder when 14163 is divided by 2310.
303
What is the remainder when 3419018 is divided by 4080?
4058
Calculate the remainder when 1324715 is divided by 4114.
7
Calculate the remainder when 324005620 is divided by 79.
76
What is the remainder when 79746 is divided by 813?
72
What is the remainder when 118